omposite number?
False
Is 7026577 composite?
False
Is 13915347 prime?
False
Is 224767 a composite number?
True
Is 8791067 prime?
False
Is 198956291 a composite number?
False
Is 65931211 composite?
False
Is 3294799751 prime?
True
Is 397102531 prime?
False
Is 162343 prime?
True
Is 28396079 composite?
False
Is 3419713 prime?
False
Is 346517 composite?
True
Is 112319594 prime?
False
Is 1003463 composite?
False
Is 209689793 composite?
False
Is 1380149 a prime number?
True
Is 2410517 prime?
True
Is 139172257 prime?
False
Is 11246699 composite?
False
Is 17399089 a prime number?
True
Is 6691603 prime?
False
Is 7043633 prime?
True
Is 78630289 composite?
True
Is 29032573 prime?
False
Is 111287233 composite?
True
Is 128306131 prime?
False
Is 340439 composite?
True
Is 1797821 prime?
True
Is 11084179 prime?
False
Is 1601983 a composite number?
True
Is 353163397 prime?
True
Is 68052391 a composite number?
True
Is 7041227 a composite number?
False
Is 1089383 a prime number?
True
Is 1638011 a prime number?
True
Is 38208187 a prime number?
False
Is 267245135 a prime number?
False
Is 7495679 a composite number?
False
Is 31935229 a prime number?
False
Is 289829543 a composite number?
True
Is 38351513 a composite number?
False
Is 8338547 a composite number?
True
Is 49789697 a prime number?
True
Is 3406603 a composite number?
True
Is 1770259 prime?
True
Is 236264086 composite?
True
Is 1796161 composite?
True
Is 450493 a prime number?
True
Is 11354611 prime?
True
Is 80849 prime?
True
Is 106652347 prime?
False
Is 3960851 a composite number?
True
Is 76660071 prime?
False
Is 5427053 composite?
True
Is 92265002 prime?
False
Is 49903963 prime?
False
Is 6686299 a prime number?
True
Is 11935474 composite?
True
Is 17527001 a composite number?
False
Is 909151 a composite number?
False
Is 89599649 a composite number?
True
Is 57180701 a prime number?
False
Is 48551491 a prime number?
True
Is 79001401 composite?
True
Is 6252569 composite?
True
Is 42435949 a prime number?
False
Is 571631 a composite number?
True
Is 573637 a composite number?
False
Is 118216991 a composite number?
False
Is 34393162 composite?
True
Is 33745693 prime?
True
Is 4800487 a prime number?
True
Is 1969683 composite?
True
Is 6327253 prime?
True
Is 30757 composite?
False
Is 104618071 composite?
True
Is 18443713 prime?
True
Is 192749163 composite?
True
Is 1493167 a prime number?
False
Is 3379939 a composite number?
False
Is 30815153 composite?
True
Is 10206039 prime?
False
Is 1117871 a prime number?
False
Is 107164487 a prime number?
True
Is 1678741 composite?
True
Is 30241579 a prime number?
False
Is 5738743 composite?
False
Is 31949353 prime?
False
Is 36787499 composite?
True
Is 7373183 prime?
True
Is 16757131 a composite number?
False
Is 81449113 prime?
True
Is 1613449 composite?
True
Is 17081723 a composite number?
False
Is 9912307 composite?
False
Is 35020853 a prime number?
False
Is 596291 composite?
False
Is 21148467 a prime number?
False
Is 241562303 a composite number?
False
Is 1260569 a prime number?
True
Is 245393 a prime number?
False
Is 8290453 a composite number?
False
Is 772307 a prime number?
False
Is 3377431 prime?
True
Is 3595337 composite?
True
Is 20444419 a prime number?
False
Is 78636323 prime?
True
Is 11371807 prime?
True
Is 47425601 composite?
True
Is 542798819 composite?
False
Is 314399 a composite number?
False
Is 18594083 prime?
True
Is 321269963 a composite number?
True
Is 154726897 a composite number?
True
Is 18110931 prime?
False
Is 49662839 prime?
True
Is 130071635 prime?
False
Is 17705419 composite?
False
Is 32985871 prime?
False
Is 32225279 composite?
False
Is 21603091 composite?
False
Is 4408619 prime?
True
Is 7263133 composite?
True
Is 32685859 a composite number?
False
Is 1240511 prime?
True
Is 79516511 composite?
True
Is 5715079 a prime number?
False
Is 589639 a composite number?
False
Is 16527623 composite?
True
Is 16311913 prime?
True
Is 5655763 a composite number?
True
Is 271941611 a prime number?
True
Is 6000935 a composite number?
True
Is 340187 a composite number?
True
Is 18239279 composite?
False
Is 237183173 prime?
False
Is 620488417 prime?
True
Is 2157034417 a prime number?
True
Is 1344307 a prime number?
False
Is 12838217 a prime number?
False
Is 159740179 prime?
False
Is 6368711 a prime number?
True
Is 50417 a composite number?
False
Is 41478761 prime?
True
Is 39869303 prime?
False
Is 1370449 a composite number?
False
Is 37711483 prime?
True
Is 885769 a prime number?
True
Is 40452953 a prime number?
True
Is 187156547 composite?
True
Is 12204299 composite?
True
Is 842321 a prime number?
True
Is 317662111 composite?
True
Is 9387047 a prime number?
True
Is 1125572815 prime?
False
Is 5178931 a composite number?
True
Is 235431041 prime?
True
Is 1992019 a prime number?
False
Is 10208531 prime?
True
Is 36435613 composite?
True
Is 4236773 prime?
True
Is 38380658 composite?
True
Is 10354999 composite?
True
Is 5292607 a composite number?
False
Is 12583855 a prime number?
False
Is 21588173 composite?
False
Is 4863017 prime?
True
Is 15683123 composite?
False
Is 2302579 prime?
True
Is 3077573 composite?
False
Is 93522529 composite?
True
Is 12914701 a prime number?
False
Is 131449711 composite?
True
Is 2702449 a prime number?
True
Is 63814501 composite?
False
Is 162937 prime?
True
Is 2657219 prime?
False
Is 1994991 a composite number?
True
Is 6863939 a prime number?
True
Is 575153 composite?
False
Is 9495529 a composite number?
False
Is 195458 a prime number?
False
Is 1399387 prime?
False
Is 7129109 prime?
False
Is 5532433 prime?
True
Is 83656501 composite?
False
Is 28964909 a prime number?
True
Is 969293 composite?
True
Is 22375049 a composite number?
False
Is 47250577 composite?
True
Is 30289741 a composite number?
True
Is 2750557 a prime number?
True
Is 162144557 composite?
True
Is 1570577 a prime number?
True
Is 64580853 composite?
True
Is 3216377 a prime number?
False
Is 117977107 a prime number?
True
Is 36944327 a prime number?
False
Is 58936483 a prime number?
False
Is 12679361 prime?
True
Is 15040159 a composite number?
False
Is 4384565 composite?
True
Is 51993817 a composite number?
False
Is 8983391 prime?
True
Is 74226287 a prime number?
False
Is 312691 a composite number?
True
Is 317122381 a composite number?
False
Is 188193227 a prime number?
True
Is 401371 composite?
False
Is 66617 a composite number?
False
Is 6518381 prime?
True
Is 47667383 a composite number?
False
Is 91999321 a composite number?
True
Is 158669233 a composite number?
False
Is 1774937 a prime number?
True
Is 12476951 composite?
False
Is 5601061 a composite number?
False
Is 8405669 a prime number?
True
Is 912998 a prime number?
False
Is 3106307 a prime number?
True
Is 268650687 a composite number?
True
Is 19688378 a prime number?
False
Is 1290427 composite?
False
Is 118232341 prime?
True
Is 426527 a prime number?
True
Is 360007 a prime number?
True
Is 99093217 a prime number?
True
Is 105648209 prime?
False
Is 34838377 prime?
False
Is 4867771 prime?
True
Is 431953 a composite number?
True
Is 2576183 prime?
True
Is 202897203 a composite number?
True
Is 35181271 composite?
False
Is 104386661 prime?
False
Is 1021961 a prime number?
True
Is 1950113 prime?
False
Is 22925701 prime?
True
Is 37274239 a prime number?
True
Is 982559 composite?
False
Is 22078709 composite?
True
Is 240153451 composite?
False
Is 367288997 a composite number?
True
Is 168458609 prime?
False
Is 32888329 a prime number?
True
Is 439611647 a composite number?
False
Is 885623 prime?
True
Is 14851 a prime number?
True
Is 2278769 composite?
False
Is 8111239 a composite number?
False
Is 2322869 composite?
False
Is 55710371 prime?
True
Is 929678921 a prime number?
False
Is 9640417 a composite number?
False
Is 1430521 a prime number?
True
Is 7436269 composite?
False
Is 10703129 prime?
False
Is 1285699 composite?
False
Is 310876219 composite?
False
Is 2545762 a composite number?
True
Is 3256637 a prime number?
True
Is 1971401 prime?
True
Is 4932878 composite?
True
Is 37480127 prime?
True
Is 91259963 prime?
False
Is 606811301 composite?
False
Is 21638867 prime?
True
Is 2968361 a composite number?
True
Is 20960263 composite?
False
Is 25368647 a composite number?
False
Is 129676837 prime?
False
Is 353791 composite?
True
Is 6815951 prime